 {"id":247,"date":"2023-02-09T13:04:48","date_gmt":"2023-02-09T13:04:48","guid":{"rendered":"https:\/\/www.cofavila.com\/?page_id=247"},"modified":"2024-08-06T11:08:34","modified_gmt":"2024-08-06T11:08:34","slug":"junta-de-gobierno","status":"publish","type":"page","link":"https:\/\/www.cofavila.com\/index.php\/junta-de-gobierno\/","title":{"rendered":"<h22 style=\"text-align: center;\">Junta de Gobierno<\/h22>"},"content":{"rendered":"\n<table style=\"height: 623px; width: 100%; border-collapse: collapse; border-style: none;\">\n<tbody>\n<tr style=\"border-style: none;\">\n<td style=\"width: 25.2381%; height: 46px; text-align: right; padding-left: 40px;\" width=\"209\"><span style=\"color: #000000;\">Presidenta<\/span><\/td>\n<td style=\"width: 32.5%; height: 46px; padding-left: 40px;\" colspan=\"2\" width=\"175\"><a href=\"https:\/\/www.cofavila.com\/wp-content\/uploads\/2024\/08\/IMG-20240806-WA0158.jpg\"><span style=\"color: #008000;\">D\u00aa Marta Terciado Valls<\/span><\/a><\/td>\n<\/tr>\n<tr style=\"border-style: none;\">\n<td style=\"width: 25.2381%; height: 46px; text-align: right; padding-left: 40px;\"><span style=\"color: #000000;\">Vicepresidenta<\/span><\/td>\n<td style=\"width: 32.5%; height: 46px; padding-left: 40px;\" colspan=\"2\"><a href=\"https:\/\/www.cofavila.com\/wp-content\/uploads\/2024\/08\/IMG-20240806-WA0173.jpg\"><span style=\"color: #008000;\">D\u00aa Noelia Guerra Garc\u00eda<\/span><\/a><\/td>\n<\/tr>\n<tr style=\"border-style: none;\">\n<td style=\"width: 25.2381%; height: 46px; text-align: right;\"><span style=\"color: #000000;\">Secretario<\/span><\/td>\n<td style=\"width: 32.5%; height: 46px; padding-left: 40px;\" colspan=\"2\"><a href=\"https:\/\/www.cofavila.com\/wp-content\/uploads\/2024\/08\/IMG-20240806-WA0171.jpg\"><span style=\"color: #008000;\">D. Miguel \u00c1ngel Mart\u00edn Bazo<\/span><\/a><\/td>\n<\/tr>\n<tr style=\"border-style: none;\">\n<td style=\"width: 25.2381%; height: 52px; text-align: right;\"><span style=\"color: #000000;\">Tesorero<\/span><\/td>\n<td style=\"width: 32.5%; height: 52px; padding-left: 40px;\" colspan=\"2\"><a href=\"https:\/\/www.cofavila.com\/wp-content\/uploads\/2024\/08\/IMG-20240806-WA0164.jpg\"><span style=\"color: #008000;\">D. Alberto S\u00e1nchez G\u00f3mez<\/span><\/a><\/td>\n<\/tr>\n<tr style=\"border-style: none;\">\n<td style=\"width: 25.2381%; height: 46px; text-align: right;\"><span style=\"color: #000000;\">1\u00ba Vocal de N\u00famero<\/span><\/td>\n<td style=\"width: 32.5%; height: 46px; padding-left: 40px;\" colspan=\"2\"><a href=\"https:\/\/www.cofavila.com\/wp-content\/uploads\/2024\/08\/IMG-20240806-WA0172.jpg\"><span style=\"color: #008000;\">D\u00aa Alma Garc\u00eda Zazo<\/span><\/a><\/td>\n<\/tr>\n<tr style=\"border-style: none;\">\n<td style=\"width: 25.2381%; height: 46px; text-align: right;\"><span style=\"color: #000000;\">2\u00ba Vocal de N\u00famero<\/span><\/td>\n<td style=\"width: 32.5%; height: 46px; padding-left: 40px;\" colspan=\"2\"><a href=\"https:\/\/www.cofavila.com\/wp-content\/uploads\/2024\/08\/IMG-20240806-WA0169.jpg\"><span style=\"color: #008000;\">D. Miguel Casillas V\u00e1zquez<\/span><\/a><\/td>\n<\/tr>\n<tr style=\"border-style: none;\">\n<td style=\"width: 25.2381%; height: 46px; text-align: right;\"><span style=\"color: #000000;\">Vocal de Administraciones P\u00fablicas<\/span><\/td>\n<td style=\"width: 32.5%; height: 46px; padding-left: 40px;\" colspan=\"2\"><a href=\"https:\/\/www.cofavila.com\/wp-content\/uploads\/2024\/08\/IMG-20240806-WA0174.jpg\"><span style=\"color: #008000;\">D\u00aa Sara Mart\u00edn Revellado<\/span><\/a><\/td>\n<\/tr>\n<tr style=\"border-style: none;\">\n<td style=\"width: 25.2381%; height: 46px; text-align: right;\"><span style=\"color: #000000;\">Vocal de Hospitales<\/span><\/td>\n<td style=\"width: 32.5%; height: 46px; padding-left: 40px;\" colspan=\"2\"><a href=\"https:\/\/www.cofavila.com\/wp-content\/uploads\/2024\/08\/IMG-20240806-WA0166.jpg\"><span style=\"color: #008000;\">D\u00aa Tamara \u00c1lvarez Mart\u00edn<\/span><\/a><\/td>\n<\/tr>\n<tr style=\"border-style: none;\">\n<td style=\"width: 25.2381%; height: 46px; text-align: right;\"><span style=\"color: #000000;\">Vocal de Dermofarmacia<\/span><\/td>\n<td style=\"width: 32.5%; height: 46px; padding-left: 40px;\" colspan=\"2\"><a href=\"https:\/\/www.cofavila.com\/wp-content\/uploads\/2024\/08\/IMG-20240806-WA0168.jpg\"><span style=\"color: #008000;\">D\u00aa Sonia Galeano Gonz\u00e1lez<\/span><\/a><\/td>\n<\/tr>\n<tr style=\"border-style: none;\">\n<td style=\"width: 25.2381%; height: 53px; text-align: right;\"><span style=\"color: #000000;\">Vocal de Oficina de Farmacia<\/span><\/td>\n<td style=\"width: 32.5%; height: 53px; padding-left: 40px;\" colspan=\"2\"><a href=\"https:\/\/www.cofavila.com\/wp-content\/uploads\/2024\/08\/IMG-20240806-WA0170.jpg\"><span style=\"color: #008000;\">D\u00aa Beatriz Garrosa Bl\u00e1zquez<\/span><\/a><\/td>\n<\/tr>\n<tr style=\"border-style: none;\">\n<td style=\"width: 25.2381%; height: 50px; text-align: right;\"><span style=\"color: #000000;\">Vocal de Alimentaci\u00f3n<\/span><\/td>\n<td style=\"width: 32.5%; height: 50px; padding-left: 40px;\" colspan=\"2\"><a href=\"https:\/\/www.cofavila.com\/wp-content\/uploads\/2024\/08\/IMG-20240806-WA0165.jpg\"><span style=\"color: #008000;\">D\u00aa Mar\u00eda Grande Fern\u00e1ndez<\/span><\/a><\/td>\n<\/tr>\n<tr style=\"border-style: none;\">\n<td style=\"width: 25.2381%; height: 51px; text-align: right;\"><span style=\"color: #000000;\">Vocal de Farmacia Rural<\/span><\/td>\n<td style=\"width: 32.5%; height: 51px; padding-left: 40px;\" colspan=\"2\"><a href=\"https:\/\/www.cofavila.com\/wp-content\/uploads\/2024\/08\/IMG-20240806-WA0162.jpg\"><span style=\"color: #008000;\">D\u00aa M\u00f3nica \u00c1lvaro Pinto<\/span><\/a><\/td>\n<\/tr>\n<tr style=\"border-style: none;\">\n<td style=\"width: 25.2381%; height: 49px; text-align: right;\"><span style=\"color: #000000;\">Vocal de Farmac\u00e9uticos Adjuntos y no titulares<\/span><\/td>\n<td style=\"width: 32.5%; height: 49px; padding-left: 40px;\" colspan=\"2\"><a href=\"https:\/\/www.cofavila.com\/wp-content\/uploads\/2024\/08\/IMG-20240806-WA0167.jpg\"><span style=\"color: #008000;\">D\u00aa Gemma Lorenzo S\u00e1nchez<\/span><\/a><\/td>\n<\/tr>\n<\/tbody>\n<\/table>\n","protected":false},"excerpt":{"rendered":"<p>Presidenta D\u00aa Marta Terciado Valls Vicepresidenta D\u00aa Noelia Guerra Garc\u00eda Secretario D. Miguel \u00c1ngel Mart\u00edn Bazo Tesorero D. Alberto S\u00e1nchez G\u00f3mez 1\u00ba Vocal de N\u00famero D\u00aa Alma Garc\u00eda Zazo 2\u00ba Vocal de N\u00famero D. Miguel Casillas V\u00e1zquez Vocal de Administraciones P\u00fablicas D\u00aa Sara Mart\u00edn Revellado Vocal de Hospitales D\u00aa Tamara \u00c1lvarez Mart\u00edn Vocal de Dermofarmacia [&hellip;]<\/p>\n","protected":false},"author":1,"featured_media":0,"parent":0,"menu_order":0,"comment_status":"closed","ping_status":"closed","template":"page-full-width.php","meta":{"footnotes":""},"class_list":["post-247","page","type-page","status-publish","hentry"],"_links":{"self":[{"href":"https:\/\/www.cofavila.com\/index.php\/wp-json\/wp\/v2\/pages\/247","targetHints":{"allow":["GET"]}}],"collection":[{"href":"https:\/\/www.cofavila.com\/index.php\/wp-json\/wp\/v2\/pages"}],"about":[{"href":"https:\/\/www.cofavila.com\/index.php\/wp-json\/wp\/v2\/types\/page"}],"author":[{"embeddable":true,"href":"https:\/\/www.cofavila.com\/index.php\/wp-json\/wp\/v2\/users\/1"}],"replies":[{"embeddable":true,"href":"https:\/\/www.cofavila.com\/index.php\/wp-json\/wp\/v2\/comments?post=247"}],"version-history":[{"count":21,"href":"https:\/\/www.cofavila.com\/index.php\/wp-json\/wp\/v2\/pages\/247\/revisions"}],"predecessor-version":[{"id":1257,"href":"https:\/\/www.cofavila.com\/index.php\/wp-json\/wp\/v2\/pages\/247\/revisions\/1257"}],"wp:attachment":[{"href":"https:\/\/www.cofavila.com\/index.php\/wp-json\/wp\/v2\/media?parent=247"}],"curies":[{"name":"wp","href":"https:\/\/api.w.org\/{rel}","templated":true}]}}

<table style="height: 623px; width: 100%; border-collapse: collapse; border-style: none;">
<tbody>
<tr style="border-style: none;">
<td style="width: 25.2381%; height: 46px; text-align: right; padding-left: 40px;" width="209"><span style="color: #000000;">Presidenta</span></td>
<td style="width: 32.5%; height: 46px; padding-left: 40px;" colspan="2" width="175"><a href="https://www.cofavila.com/wp-content/uploads/2024/08/IMG-20240806-WA0158.jpg"><span style="color: #008000;">Dª Marta Terciado Valls</span></a></td>
</tr>
<tr style="border-style: none;">
<td style="width: 25.2381%; height: 46px; text-align: right; padding-left: 40px;"><span style="color: #000000;">Vicepresidenta</span></td>
<td style="width: 32.5%; height: 46px; padding-left: 40px;" colspan="2"><a href="https://www.cofavila.com/wp-content/uploads/2024/08/IMG-20240806-WA0173.jpg"><span style="color: #008000;">Dª Noelia Guerra García</span></a></td>
</tr>
<tr style="border-style: none;">
<td style="width: 25.2381%; height: 46px; text-align: right;"><span style="color: #000000;">Secretario</span></td>
<td style="width: 32.5%; height: 46px; padding-left: 40px;" colspan="2"><a href="https://www.cofavila.com/wp-content/uploads/2024/08/IMG-20240806-WA0171.jpg"><span style="color: #008000;">D. Miguel Ángel Martín Bazo</span></a></td>
</tr>
<tr style="border-style: none;">
<td style="width: 25.2381%; height: 52px; text-align: right;"><span style="color: #000000;">Tesorero</span></td>
<td style="width: 32.5%; height: 52px; padding-left: 40px;" colspan="2"><a href="https://www.cofavila.com/wp-content/uploads/2024/08/IMG-20240806-WA0164.jpg"><span style="color: #008000;">D. Alberto Sánchez Gómez</span></a></td>
</tr>
<tr style="border-style: none;">
<td style="width: 25.2381%; height: 46px; text-align: right;"><span style="color: #000000;">1º Vocal de Número</span></td>
<td style="width: 32.5%; height: 46px; padding-left: 40px;" colspan="2"><a href="https://www.cofavila.com/wp-content/uploads/2024/08/IMG-20240806-WA0172.jpg"><span style="color: #008000;">Dª Alma García Zazo</span></a></td>
</tr>
<tr style="border-style: none;">
<td style="width: 25.2381%; height: 46px; text-align: right;"><span style="color: #000000;">2º Vocal de Número</span></td>
<td style="width: 32.5%; height: 46px; padding-left: 40px;" colspan="2"><a href="https://www.cofavila.com/wp-content/uploads/2024/08/IMG-20240806-WA0169.jpg"><span style="color: #008000;">D. Miguel Casillas Vázquez</span></a></td>
</tr>
<tr style="border-style: none;">
<td style="width: 25.2381%; height: 46px; text-align: right;"><span style="color: #000000;">Vocal de Administraciones Públicas</span></td>
<td style="width: 32.5%; height: 46px; padding-left: 40px;" colspan="2"><a href="https://www.cofavila.com/wp-content/uploads/2024/08/IMG-20240806-WA0174.jpg"><span style="color: #008000;">Dª Sara Martín Revellado</span></a></td>
</tr>
<tr style="border-style: none;">
<td style="width: 25.2381%; height: 46px; text-align: right;"><span style="color: #000000;">Vocal de Hospitales</span></td>
<td style="width: 32.5%; height: 46px; padding-left: 40px;" colspan="2"><a href="https://www.cofavila.com/wp-content/uploads/2024/08/IMG-20240806-WA0166.jpg"><span style="color: #008000;">Dª Tamara Álvarez Martín</span></a></td>
</tr>
<tr style="border-style: none;">
<td style="width: 25.2381%; height: 46px; text-align: right;"><span style="color: #000000;">Vocal de Dermofarmacia</span></td>
<td style="width: 32.5%; height: 46px; padding-left: 40px;" colspan="2"><a href="https://www.cofavila.com/wp-content/uploads/2024/08/IMG-20240806-WA0168.jpg"><span style="color: #008000;">Dª Sonia Galeano González</span></a></td>
</tr>
<tr style="border-style: none;">
<td style="width: 25.2381%; height: 53px; text-align: right;"><span style="color: #000000;">Vocal de Oficina de Farmacia</span></td>
<td style="width: 32.5%; height: 53px; padding-left: 40px;" colspan="2"><a href="https://www.cofavila.com/wp-content/uploads/2024/08/IMG-20240806-WA0170.jpg"><span style="color: #008000;">Dª Beatriz Garrosa Blázquez</span></a></td>
</tr>
<tr style="border-style: none;">
<td style="width: 25.2381%; height: 50px; text-align: right;"><span style="color: #000000;">Vocal de Alimentación</span></td>
<td style="width: 32.5%; height: 50px; padding-left: 40px;" colspan="2"><a href="https://www.cofavila.com/wp-content/uploads/2024/08/IMG-20240806-WA0165.jpg"><span style="color: #008000;">Dª María Grande Fernández</span></a></td>
</tr>
<tr style="border-style: none;">
<td style="width: 25.2381%; height: 51px; text-align: right;"><span style="color: #000000;">Vocal de Farmacia Rural</span></td>
<td style="width: 32.5%; height: 51px; padding-left: 40px;" colspan="2"><a href="https://www.cofavila.com/wp-content/uploads/2024/08/IMG-20240806-WA0162.jpg"><span style="color: #008000;">Dª Mónica Álvaro Pinto</span></a></td>
</tr>
<tr style="border-style: none;">
<td style="width: 25.2381%; height: 49px; text-align: right;"><span style="color: #000000;">Vocal de Farmacéuticos Adjuntos y no titulares</span></td>
<td style="width: 32.5%; height: 49px; padding-left: 40px;" colspan="2"><a href="https://www.cofavila.com/wp-content/uploads/2024/08/IMG-20240806-WA0167.jpg"><span style="color: #008000;">Dª Gemma Lorenzo Sánchez</span></a></td>
</tr>
</tbody>
</table>

<p>Presidenta Dª Marta Terciado Valls Vicepresidenta Dª Noelia Guerra García Secretario D. Miguel Ángel Martín Bazo Tesorero D. Alberto Sánchez Gómez 1º Vocal de Número Dª Alma García Zazo 2º Vocal de Número D. Miguel Casillas Vázquez Vocal de Administraciones Públicas Dª Sara Martín Revellado Vocal de Hospitales Dª Tamara Álvarez Martín Vocal de Dermofarmacia [&hellip;]</p>
