 {"id":223,"date":"2023-02-08T17:03:40","date_gmt":"2023-02-08T17:03:40","guid":{"rendered":"https:\/\/www.cofavila.com\/?page_id=223"},"modified":"2026-04-17T15:44:14","modified_gmt":"2026-04-17T15:44:14","slug":"servicios","status":"publish","type":"page","link":"https:\/\/www.cofavila.com\/index.php\/servicios\/","title":{"rendered":"<h22 style= \"text-align: left;\">Servicios<\/h22>"},"content":{"rendered":"\n\n<p><strong>Centro de Informaci\u00f3n del Medicamento:<\/strong><br \/><span style=\"color: #008000;\">M\u00aa Victoria Rojo Manteca<\/span><br \/><span style=\"color: #008000;\">Rosa Santander Gonz\u00e1lez<\/span><br \/>Horario: 9:30 a 14:00 h y 17:00 a 20:00 h<br \/>Tlf. directo: <strong>920 211752<\/strong><br \/>Tlf. CAU Receta electr\u00f3nica (24 h): <strong>920 067993<\/strong><\/p>\n<p><strong>Secretar\u00eda T\u00e9cnica:<\/strong><br \/><span style=\"color: #008000;\">M\u00aa Victoria Rojo Manteca<\/span><br \/>Horario: 8:30 a 15:00 h<\/p>\n<p><strong>Administraci\u00f3n:<\/strong><br \/><span style=\"color: #008000;\">Teresa \u00c1lvaro Mateos<\/span><br \/><span style=\"color: #008000;\">Alfonso Mart\u00ednez Vicente<\/span><br \/>Tlf.: <strong>920 211738<\/strong><br \/>Horario invierno:<\/p>\n<p style=\"padding-left: 40px;\">Lunes a Jueves 8:30 a 15:00 h y 17:00 a 20:00 h<br \/>Viernes: 8:30 a 15:00 h<\/p>\n<p>Horario verano:<\/p>\n<p style=\"padding-left: 40px;\">Lunes a Viernes 8:30 a 15:00 h<\/p>\n<p><strong>Contabilidad:<\/strong><br \/><span style=\"color: #008000;\">Teresa \u00c1lvaro Mateos<\/span><br \/>Horario: 9:00 a 15:00 h<\/p>","protected":false},"excerpt":{"rendered":"<p>Centro de Informaci\u00f3n del Medicamento:M\u00aa Victoria Rojo MantecaRosa Santander Gonz\u00e1lezHorario: 9:30 a 14:00 h y 17:00 a 20:00 hTlf. directo: 920 211752Tlf. CAU Receta electr\u00f3nica (24 h): 920 067993 Secretar\u00eda T\u00e9cnica:M\u00aa Victoria Rojo MantecaHorario: 8:30 a 15:00 h Administraci\u00f3n:Teresa \u00c1lvaro MateosAlfonso Mart\u00ednez VicenteTlf.: 920 211738Horario invierno: Lunes a Jueves 8:30 a 15:00 h y 17:00 [&hellip;]<\/p>\n","protected":false},"author":1,"featured_media":0,"parent":0,"menu_order":0,"comment_status":"closed","ping_status":"closed","template":"page-full-width.php","meta":{"footnotes":""},"class_list":["post-223","page","type-page","status-publish","hentry"],"_links":{"self":[{"href":"https:\/\/www.cofavila.com\/index.php\/wp-json\/wp\/v2\/pages\/223","targetHints":{"allow":["GET"]}}],"collection":[{"href":"https:\/\/www.cofavila.com\/index.php\/wp-json\/wp\/v2\/pages"}],"about":[{"href":"https:\/\/www.cofavila.com\/index.php\/wp-json\/wp\/v2\/types\/page"}],"author":[{"embeddable":true,"href":"https:\/\/www.cofavila.com\/index.php\/wp-json\/wp\/v2\/users\/1"}],"replies":[{"embeddable":true,"href":"https:\/\/www.cofavila.com\/index.php\/wp-json\/wp\/v2\/comments?post=223"}],"version-history":[{"count":18,"href":"https:\/\/www.cofavila.com\/index.php\/wp-json\/wp\/v2\/pages\/223\/revisions"}],"predecessor-version":[{"id":4626,"href":"https:\/\/www.cofavila.com\/index.php\/wp-json\/wp\/v2\/pages\/223\/revisions\/4626"}],"wp:attachment":[{"href":"https:\/\/www.cofavila.com\/index.php\/wp-json\/wp\/v2\/media?parent=223"}],"curies":[{"name":"wp","href":"https:\/\/api.w.org\/{rel}","templated":true}]}}